18?
2, 271, 2021179
What are the prime factors of 42658382?
2, 13, 19, 86353
What are the prime factors of 160880223?
3, 7, 97, 78979
List the prime factors of 16027911.
3, 1780879
List the prime factors of 5798911768.
2, 13, 89, 101, 6203
List the prime factors of 787112972.
2, 107, 619, 2971
What are the prime factors of 71065146?
2, 3, 59, 367, 547
What are the prime factors of 147056115?
3, 5, 9803741
List the prime factors of 7196628.
2, 3, 599719
List the prime factors of 354372384.
2, 3, 37, 99767
List the prime factors of 40267795.
5, 59, 136501
What are the prime factors of 127666487?
13, 409, 1847
List the prime factors of 1238850160.
2, 5, 19, 815033
List the prime factors of 89949231.
3, 3331453
List the prime factors of 333927214.
2, 197, 847531
List the prime factors of 18605183.
23, 61, 89, 149
What are the prime factors of 718492647?
3, 239497549
What are the prime factors of 39175472?
2, 7, 109, 3209
List the prime factors of 1190943397.
7, 257, 662003
What are the prime factors of 137060681?
17, 677, 11909
List the prime factors of 1623797373.
3, 11, 406661
List the prime factors of 58777427.
58777427
What are the prime factors of 4005058457?
62459, 64123
What are the prime factors of 118939370?
2, 5, 11, 98297
List the prime factors of 39905270.
2, 5, 79, 50513
What are the prime factors of 1446450870?
2, 3, 5, 48215029
List the prime factors of 5313623228.
2, 1328405807
What are the prime factors of 97101874?
2, 61, 795917
List the prime factors of 611544280.
2, 5, 43, 355549
What are the prime factors of 5853211060?
2, 5, 19, 31, 496877
What are the prime factors of 1364842194?
2, 3, 41, 1117, 4967
List the prime factors of 3051402756.
2, 3, 61, 4168583
List the prime factors of 2917642160.
2, 5, 36470527
List the prime factors of 1706156486.
2, 31, 27518653
What are the prime factors of 217101418?
2, 1423, 76283
What are the prime factors of 367168104?
2, 3, 5099557
What are the prime factors of 185929966?
2, 92964983
What are the prime factors of 454027445?
5, 90805489
List the prime factors of 1377887544.
2, 3, 11, 439, 1321
List the prime factors of 13279550.
2, 5, 17, 919
What are the prime factors of 19242018?
2, 3, 1069001
List the prime factors of 1523597387.
13, 641, 182839
List the prime factors of 289194161.
83, 3484267
List the prime factors of 170665970.
2, 5, 73, 389, 601
List the prime factors of 1779063341.
11, 37, 4371163
What are the prime factors of 377594044?
2, 67, 1181, 1193
List the prime factors of 461646720.
2, 3, 5, 80147
List the prime factors of 248759249.
17, 1231, 11887
List the prime factors of 3962963678.
2, 31, 43, 353, 4211
List the prime factors of 19165793.
19165793
List the prime factors of 1252662828.
2, 3, 4643, 22483
What are the prime factors of 67624000?
2, 5, 79, 107
What are the prime factors of 685193854?
2, 342596927
What are the prime factors of 28699503?
3, 7, 1366643
What are the prime factors of 181521376?
2, 17, 333679
List the prime factors of 30697190.
2, 5, 821, 3739
What are the prime factors of 102975437?
379, 271703
List the prime factors of 6826541923.
6826541923
List the prime factors of 62002739.
53, 691, 1693
What are the prime factors of 22392697?
19, 661, 1783
What are the prime factors of 610031959?
610031959
What are the prime factors of 3385632318?
2, 3, 29, 41, 677, 701
What are the prime factors of 49705073?
11, 4518643
What are the prime factors of 38043194?
2, 7, 661, 4111
List the prime factors of 25205171.
23, 509, 2153
List the prime factors of 299752254.
2, 3, 281, 59263
What are the prime factors of 6769689315?
3, 5, 113, 1669, 2393
What are the prime factors of 2911071089?
31, 37, 2537987
List the prime factors of 1623007931.
59, 27508609
List the prime factors of 132786879.
3, 103, 429731
What are the prime factors of 225732106?
2, 112866053
List the prime factors of 947486613.
3, 89, 3548639
List the prime factors of 22080653.
7, 3154379
List the prime factors of 6266552291.
17, 368620723
What are the prime factors of 3542764000?
2, 5, 131, 6761
List the prime factors of 1038982.
2, 7, 47, 1579
What are the prime factors of 305400363?
3, 29, 53, 107, 619
What are the prime factors of 115016940?
2, 3, 5, 139, 4597
What are the prime factors of 2198069232?
2, 3, 1879, 24371
What are the prime factors of 32048686?
2, 16024343
List the prime factors of 333805778.
2, 17, 2063, 4759
What are the prime factors of 4608761783?
2441, 1888063
What are the prime factors of 45358593?
3, 7, 43, 50231
What are the prime factors of 137676699?
3, 257, 19841
List the prime factors of 40269490.
2, 5, 4026949
What are the prime factors of 713962300?
2, 5, 61, 117043
List the prime factors of 2621786304.
2, 3, 59, 231443
What are the prime factors of 398440314?
2, 3, 2399, 9227
What are the prime factors of 6029895715?
5, 31, 38902553
List the prime factors of 308565944.
2, 4651, 8293
What are the prime factors of 688748368?
2, 7, 11, 559049
What are the prime factors of 829539804?
2, 3, 23, 3005579
List the prime factors of 291857282.
2, 145928641
What are the prime factors of 207505087?
587, 353501
What are the prime factors of 2741127226?
2, 17, 19, 487, 8713
List the prime factors of 2515612606.
2, 13, 6883, 14057
What are the prime factors of 51517662?
2, 3, 7, 1226611
List the prime factors of 1129594756.
2, 37, 206281
List the prime factors of 925930700.
2, 5, 149, 62143
List the prime factors of 85758982.
2, 17, 53, 47591
List the prime factors of 698192086.
2, 467, 747529
List the prime factors of 203906239.
179, 1139141
What are the prime factors of 473567073?
3, 7, 727, 31019
List the prime factors of 109118763.
3, 13, 281, 3319
List the prime factors of 43539345.
3, 5, 23, 31, 59
List the prime factors of 149734544.
2, 421, 22229
List the prime factors of 1253991509.
31, 40451339
What are the prime factors of 294873977?
19, 211, 73553
What are the prime factors of 7798372?
2, 499, 3907
List the prime factors of 57607509.
3, 17, 1129559
List the prime factors of 10782225.
3, 5, 173, 277
What are the prime factors of 377150076?
2, 3, 19, 43, 12823
What are the prime factors of 1859196078?
2, 3, 3343, 3433
What are the prime factors of 6174911101?
29, 151, 1153, 1223
What are the prime factors of 129716460?
2, 3, 5, 17, 42391
What are the prime factors of 100762033?
100762033
List the prime factors of 2962367426.
2, 1481183713
What are the prime factors of 43417907?
13, 19, 175781
List the prime factors of 442031486.
2, 13, 43, 395377
What are the prime factors of 58048444?
2, 14512111
List the prime factors of 41854211.
7, 5979173
List the prime factors of 228142509.
3, 7, 157, 69197
What are the prime factors of 764521587?
3, 23, 59, 1061
List the prime factors of 110304209.
251, 439459
List the prime factors of 248989151.
167, 1490953
What are the prime factors of 422249733?
3, 2887, 5417
What are the prime factors of 435414427?
7, 4273, 14557
What are the prime factors of 313018067?
31, 41, 246277
What are the prime factors of 42899928?
2, 3, 241, 7417
List the prime factors of 67193404.
2, 16798351
What are the prime factors of 29893224?
2, 3, 1245551
What are the prime factors of 2350184058?
2, 3, 67, 293, 739
What are the prime factors of 6022663866?
2, 3, 181, 1848577
List the prime factors of 411666815.
5, 7, 17, 691877
List the prime factors of 368381120.
2, 5, 19, 60589
List the prime factors of 4359727819.
157, 27768967
What are the prime factors of 543264521?
1373, 395677
What are the prime factors of 1163924785?
5, 53, 4392169
List the prime factors of 330697159.
13, 25438243
List the prime factors of 2053229.
29, 101, 701
List the prime factors of 442112002.
2, 311, 710791
What are the prime factors of 579279571?
13, 44559967
What are the prime factors of 57436679?
47, 1222057
What are the prime factors of 253269401?
7, 11, 347, 9479
List the prime factors of 838565539.
7, 103, 281, 4139
List the prime factors of 153057047.
11, 13, 281, 293
What are the prime factors of 1803499?
19, 23, 4127
What are the prime factors of 160484046?
2, 3, 17, 61, 25793
What are the prime factors of 35229897?
3, 113, 1283
What are the prime factors of 2159205037?
11, 17, 241, 47911
List the prime factors of 368003551.
368003551
What are the prime factors of